are the prime factors of p(u)?
3, 191
Let c(y) = y**3 - 12*y**2 - 12*y + 1. Suppose 2*l = 6*l + 4*j - 60, 5*l - 63 = j. Let k be c(l). List the prime factors of (32/(-10))/(k/(-875)).
2, 5
Suppose -16*h + 9 = -13*h. What are the prime factors of (h + -1)*180 - 1?
359
List the prime factors of (-2)/((-6)/14 + 6/(878850/62649)).
3, 5, 31
Suppose -5*o = 198 - 5068. Let y = o + -318. What are the prime factors of y/6 + (-4)/(-6)?
2, 5, 11
Let u(w) = 2750*w + 4711. List the prime factors of u(5).
18461
Let v(t) = 4*t**2 - 84*t - 39. Let q(b) = -b**3 + 4*b**2 - b + 28. Let i be q(0). List the prime factors of v(i).
5, 149
Let u = -178 + 175. Let h(w) = -3*w**3 - 8*w**2 - 15*w - 5. List the prime factors of h(u).
7
Let y be (2/(-6))/(2/498) + -4. Let q be y/(-2)*(3 + 1). Suppose o + 27 = q. What are the prime factors of o?
3, 7
Let u = -556 + -218. Let z = u - -1811. List the prime factors of z.
17, 61
Let c = -424 + -61. Let b = c + 853. What are the prime factors of b?
2, 23
Suppose -9*x + 4*p + 24508 = 0, 13630 = 19*x - 14*x + 5*p. List the prime factors of x.
2, 3, 227
Let s(m) = m**3 - 14*m**2 + m + 10. What are the prime factors of s(24)?
2, 2897
Let a = -297 - -300. List the prime factors of 1211 + (2 - 1) + 15/a.
1217
Let m(x) = -11*x + 2. Let q(n) = 3*n - 12*n + 3*n + 1. Let c(d) = -3*m(d) + 5*q(d). What are the prime factors of c(5)?
2, 7
Let p(j) = -2*j - 33. Let f be p(-19). Suppose i + f*b = -4*i - 340, -151 = 2*i - 3*b. Let m = -33 - i. What are the prime factors of m?
2, 19
Let w = 236 - 210. Suppose -9000 = -w*i + 854. What are the prime factors of i?
379
Let b(h) = 74*h**3 + 13*h**2 - 43*h + 55. List the prime factors of b(6).
16249
Suppose 4*z = 3*z + 2*g - 3, -4*g = -12. List the prime factors of 258/8*(-20)/(-15) - z.
2, 5
Let v(w) be the third derivative of -7*w**6/120 + w**5/15 + w**4/6 + 4*w**3/3 - w**2. Suppose 5*o = 795 - 810. List the prime factors of v(o).
13, 17
Suppose 107*s = 101*s + 62142. What are the prime factors of s?
10357
Let c = 19 - 264. Let w = -174 - c. List the prime factors of w.
71
Let m = 64011 - 18925. List the prime factors of m.
2, 22543
Suppose 5*o + 2*k - 16 = 0, k - 13 + 14 = 2*o. Let c = 323 - 170. Suppose 0 = -o*d + c + 109. List the prime factors of d.
131
Let i = -13 - -18. Suppose i*r = 3*n - 3, r - n + 1 = -0*n. Suppose -3*w - 4*t - 130 + 349 = r, -w - 3*t = -68. List the prime factors of w.
7, 11
Let x be 122 + 0 - (-3)/(6/(-4)). Suppose -5*r = 4*k - 462 - 54, 5*k = -r + x. Suppose 0 = 27*s - 26*s - r. List the prime factors of s.
2, 5
Suppose -6*i - 265085 + 37825 = -26*i. List the prime factors of i.
11, 1033
Let j(k) = -5 - 6 - 25*k + k**3 + 13*k**2 + 13. Let f be j(-15). Let p = f + 119. What are the prime factors of p?
2, 23
Suppose 3*i = -2*i - 35. Let s(t) = -3 - 1 - 71*t + 194*t - 73*t - 64*t. List the prime factors of s(i).
2, 47
Suppose -3*j = 5*r - 46774, -5*j - 4*j = -r + 9326. List the prime factors of r.
47, 199
Suppose 71*m + 52010 = 78*m. What are the prime factors of m?
2, 5, 743
What are the prime factors of 3 + (2/(-6))/((-108)/21147804)?
2, 3, 11, 23, 43
Let b(v) be the second derivative of -v**5/20 - v**4/4 + v**3/3 + 5*v**2/2 + 13*v. What are the prime factors of b(-8)?
3, 103
What are the prime factors of (16/(-4) - -28173) + 5 + -4?
2, 3, 5, 313
Let k = -240 + 303. Suppose -k*c + 1836 = -60*c. List the prime factors of c.
2, 3, 17
Suppose 134*d = 668672 + 649872 + 68892. List the prime factors of d.
2, 31, 167
List the prime factors of 6694*((99/(-18))/(-1) - 3).
5, 3347
Suppose 20*u = 3*u + 714. What are the prime factors of (-1 - 1311/(-6))/(u/280)?
2, 5, 29
Let d(t) = t**2 + 3*t - 27. Suppose 4 + 6 = -2*f - 4*o, 0 = -4*f - 3*o. Suppose -5*v - 3 = 2*p, -2*v - 27 = -2*p + f*v. What are the prime factors of d(p)?
3
Let i = -1057 + 6621. What are the prime factors of i?
2, 13, 107
Suppose 218 - 26 = 6*q. Suppose 36*s = q*s + 332. What are the prime factors of s?
83
Suppose 8*g - 238 + 214 = 0. Suppose -13*i = -g*i - 2900. What are the prime factors of i?
2, 5, 29
Suppose -a + 3*k - 10 = 0, -4 = -2*a - k + 4. Let w(y) = -4*y**2 - 11 + 8*y**a - y**3 + 19 + 3*y. What are the prime factors of w(4)?
2, 5
Let d = -625 + 1076. Let g = -105 + d. What are the prime factors of g?
2, 173
Let m(v) = -8*v + 10*v - 23 + 7. Let c be m(9). Suppose a = 2*y - 0*y - 43, -c*y + 49 = -3*a. List the prime factors of y.
2, 5
Let p = 52658 - 12790. What are the prime factors of p?
2, 9967
Suppose -2*j = 2*j - 12. Suppose 0 = 4*r + j*r - 35. What are the prime factors of (78/10)/(r/25)?
3, 13
Suppose -144 = -15*n - 21*n. What are the prime factors of n/(-24) - 23367/(-18)?
2, 11, 59
Let t = 127 + -121. Suppose -106 - 134 = -t*u. Suppose -3*w = m - 8, 3*m + u = 8*m - 3*w. List the prime factors of m.
2
Let h(x) = -84*x**3 - 6*x + 9. Let v be h(2). Let d = 2233 + v. What are the prime factors of d?
2, 19, 41
Let n be (3 - (-5 - (-64)/7))*-14. List the prime factors of n/(-144) - 5113/(-9).
2, 71
Suppose -r - 5*j = 2*r - 257, -5*r + 5*j + 415 = 0. Suppose 5*s = 4*x + 206 - 66, 3*s + 2*x = r. What are the prime factors of s?
2, 7
What are the prime factors of (((-4)/(-40))/(2/(-35652)))/((-3)/15)?
3, 2971
Let g = -6644 + 21406. What are the prime factors of g?
2, 11, 61
Let i = 68450 + -39323. List the prime factors of i.
3, 7, 19, 73
Let q(c) be the second derivative of 163*c**3/6 - 265*c**2/2 - 12*c. List the prime factors of q(5).
2, 5, 11
Suppose 11 = -4*w - 5. Let o be (-1)/(-2)*50*(1 + -2). Let n = w - o. What are the prime factors of n?
3, 7
List the prime factors of (-83835)/18*8*(3 + 22/(-6)).
2, 3, 5, 23
Let y = 6976 + -1223. Suppose -683 + y = 13*k. What are the prime factors of k?
2, 3, 5, 13
Let k(f) = -39*f + 248. Let b(j) = 19*j - 125. Let x(g) = 7*b(g) + 3*k(g). List the prime factors of x(38).
3, 53
List the prime factors of -9 - 4 - (-345 - -8).
2, 3
Suppose 348 = -3*z + 3*y, -31 = 2*z - y + 199. Suppose -3*t - t = -772. Let k = t + z. What are the prime factors of k?
79
Let t(p) = -4*p**3 + 35*p**2 - 121*p - 30. What are the prime factors of t(-19)?
2, 5, 29, 73
Let w be (-13 + 18)/((-4)/(-32)). List the prime factors of 34/(-2 + 1 + 42/w).
2, 5, 17
Suppose f - 4*t - 31 = -7, 0 = -4*f + 4*t + 60. Suppose 4017 = -10*r + 8100 + 4837. Suppose -16*j = -f*j - r. List the prime factors of j.
223
Suppose 0 = -4*u + k + 321590, 142149 + 18655 = 2*u - 5*k. List the prime factors of u.
3, 8933
Let h(n) = n**3 + 3*n**2 - 6*n + 12. Let t be h(-5). Let y be 21/2*t/(-3). Suppose 0 = -g + y + 10. List the prime factors of g.
2, 19
Suppose 14*d = 9*d + 110. List the prime factors of (-447)/(-5) + d/(-55).
89
Let f = 5 - 11. Let y(n) = 2*n**3 + 8*n**2 + 7*n + 9. Let g be y(f). Let c = 255 + g. List the prime factors of c.
2, 3, 13
Let m = 24 - 19. Suppose -m*n + 4*q = -183, -2*n - 2*q + 35 = -49. Suppose -7*c + 2*c = -2*x + 17, 4*x = 5*c + n. List the prime factors of x.
11
Suppose 2*o - 15 = j, 8 + 9 = 2*o - 3*j. Let g(w) = -w**3 + 7*w**2 + w + 3. Let d be g(o). Suppose d*c = c + 27. What are the prime factors of c?
3
Let t(o) = -o**3 - 7*o**2 + 6*o - 10. Let n be t(-8). Let m be (-1 + n)*(-4)/10. List the prime factors of m/8 - (-6531)/28.
233
Let a(n) be the first derivative of -5/2*n**2 + 31*n + 1/3*n**3 + 7. List the prime factors of a(13).
3, 5
Let y = -10376 - -32871. List the prime factors of y.
5, 11, 409
Suppose -u = -4*i + 30475 - 9142, -i = u - 5337. What are the prime factors of i?
2, 3, 7, 127
Let l(x) = 39*x + 3. Let d be l(1). Let w = d + -44. List the prime factors of 40 - (0 + 2 + w).
2, 5
Let l be 35/(-140) + 6766/(-8). List the prime factors of 7/2 - 2/4 - l.
3, 283
Suppose -c + 3*z = -50692, 56*c - 60*c + 4*z + 202840 = 0. List the prime factors of c.
67, 757
Suppose 7*d + 43 - 85 = 0. Let t(m) = 62*m - 49. Let k(g) = 21*g - 16. Let o(u) = -8*k(u) + 3*t(u). What are the prime factors of o(d)?
89
Let m(w) = 551*w - 4499. List the prime factors of m(34).
3, 5, 13, 73
Suppose -3*p + 16 = p. Let z be 6/(-4) - 130/p. Let c = z - -38. What are the prime factors of c?
2
Let y = 11129 - -21904. List the prime factors of y.
3, 7, 11, 13
Let z = 3991 - 2277. List the prime factors of z.
2, 857
Let n(l) = -l**3 + 3*l**2 - 3*l. Let w(h) = 4*h**3 - 8*h**2 + 8*h - 120. Let s(x) = -3*n(